{"id":115,"date":"2026-08-30T07:44:18","date_gmt":"2026-08-30T07:44:18","guid":{"rendered":"https:\/\/bgs-bo.de\/?page_id=115"},"modified":"2026-08-30T14:50:15","modified_gmt":"2026-08-30T14:50:15","slug":"eltern-abc","status":"publish","type":"page","link":"https:\/\/bgs-bo.de\/?page_id=115","title":{"rendered":"Eltern-ABC"},"content":{"rendered":"\n<style>\n.buchstabe {\n    color: #f4a574;\n    font-size: 2em;\n    font-weight: bold;\n    margin-top: 30px;\n    margin-bottom: 5px;\n    border-bottom: 2px solid #f4a574;\n    padding-bottom: 5px;\n}\n.titel {\n    font-size: 1.2em;\n    font-weight: bold;\n    color: #1f2933;\n    margin-bottom: 5px;\n}\n.inhalt {\n    margin-bottom: 20px;\n}\n<\/style>\n\n<div class=\"buchstabe\">A<\/div>\n<div class=\"titel\">Anfang<\/div>\n<div class=\"inhalt\">Die erste Stunde beginnt um 08.00 Uhr. Ihr Kind soll um 07.50 Uhr auf dem Schulhof sein.<\/div>\n\n<div class=\"buchstabe\">B<\/div>\n<div class=\"titel\">Beurlaubung<\/div>\n<div class=\"inhalt\">Ihr Kind kann nur aus wichtigen Gr\u00fcnden beurlaubt werden. Die Beurlaubung beantragen Sie schriftlich bei der Schulleitung 1 Woche vorher. Unmittelbar vor oder im Anschluss an die Ferien darf ein Kind nur in dringenden Ausnahmef\u00e4llen beurlaubt werden.<\/div>\n\n<div class=\"titel\">Bewegliche Ferientage<\/div>\n<div class=\"inhalt\">\n    Montag, 08.02.2027 (Rosenmontag)<br>\n    Freitag, 07.05.2027 (Tag nach Christi Himmelfahrt)<br>\n    Freitag, 28.05.2027 (Tag nach Fronleichnam)\n<\/div>\n\n<div class=\"titel\">Beschwerden<\/div>\n<div class=\"inhalt\">Bitte sprechen Sie mit uns. Rufen Sie uns an. Die Klassenleitung Ihres Kindes ist Ihre erste Ansprechperson. Wir k\u00fcmmern uns um Ihr Anliegen.<\/div>\n\n<div class=\"titel\">BrotZeit<\/div>\n<div class=\"inhalt\">Jeden Morgen kann Ihr Kind am BrotZeit-Fr\u00fchst\u00fcck in der Zeit von 07.50 \u2013 08.10 Uhr teilnehmen, wenn es m\u00f6chte.<\/div>\n\n<div class=\"buchstabe\">D<\/div>\n<div class=\"titel\">Durchgangsschule<\/div>\n<div class=\"inhalt\">Unser Ziel ist es, dass Ihr Kind so kurz wie m\u00f6glich unsere Schule besucht. Durch eine fr\u00fche und intensive sonderp\u00e4dagogische Unterst\u00fctzung kann dies erreicht werden.<\/div>\n\n<div class=\"buchstabe\">E<\/div>\n<div class=\"titel\">Elternsprechtag<\/div>\n<div class=\"inhalt\">Sie finden zweimal im Schuljahr nach den Herbst- und vor den Osterferien statt. Bitte buchen Sie Ihren Termin \u00fcber das Modul Elternsprechtag bei IServ.<\/div>\n\n<div class=\"titel\">Entschuldigungen<\/div>\n<div class=\"inhalt\">Wenn Ihr Kind wegen eines wichtigen Arzttermins oder wegen Krankheit nicht am Unterricht teilnehmen kann, melden Sie es bitte \u00fcber IServ ab.<\/div>\n\n<div class=\"buchstabe\">F<\/div>\n<div class=\"titel\">F\u00f6rderort<\/div>\n<div class=\"inhalt\">Der F\u00f6rderort ist im Regelfall die allgemeine Schule. Wenn Ihr Kind sonderp\u00e4dagogischen Unterst\u00fctzungsbedarf im F\u00f6rderschwerpunkt Sprache hat, k\u00f6nnen Sie alternativ auch eine F\u00f6rderschule als F\u00f6rderort w\u00e4hlen. Sie haben als Eltern die M\u00f6glichkeit, einen Wechsel des F\u00f6rderorts zu beantragen. Sprechen Sie in diesem Fall mit der Klassenleitung Ihres Kindes.<\/div>\n\n<div class=\"titel\">F\u00f6rderplan<\/div>\n<div class=\"inhalt\">Zweimal im Schuljahr bespricht die Klassenleitung mit Ihrem Kind und mit Ihnen den F\u00f6rderplan. Im F\u00f6rderplan stehen die wichtigen n\u00e4chsten Entwicklungsziele und -schritte f\u00fcr Ihr Kind.<\/div>\n\n<div class=\"titel\">Fr\u00fchst\u00fcck<\/div>\n<div class=\"inhalt\">Bitte geben Sie Ihrem Kind ein gesundes Fr\u00fchst\u00fcck mit in die Schule. Dazu geh\u00f6ren Obst, Gem\u00fcse und Vollkornbrot. Als Getr\u00e4nk empfehlen wir Wasser.<\/div>\n\n<div class=\"buchstabe\">G<\/div>\n<div class=\"titel\">Grundlagen der Zusammenarbeit<\/div>\n<div class=\"inhalt\">Regelm\u00e4\u00dfiger Kontakt, gegenseitiges Vertrauen und respektvoller Umgang sind f\u00fcr uns wichtig. Bei Krankheit und Krisen m\u00fcssen Sie Ihr Kind von der Schule abholen. Sie k\u00f6nnen auch jemanden beauftragen, dies f\u00fcr Sie zu \u00fcbernehmen, wenn Sie verhindert sind. Sagen Sie uns in diesem Fall Bescheid.<\/div>\n\n<div class=\"buchstabe\">H<\/div>\n<div class=\"titel\">Handyordnung<\/div>\n<div class=\"inhalt\">Wenn Sie Ihrem Kind ein Handy mitgeben, dann ist das Handy ausgestellt und muss in der Schultasche bleiben. Bitte verzichten Sie auf das Handy in der Hand, wenn Sie unser Schulgel\u00e4nde betreten.<\/div>\n\n<div class=\"titel\">Hausaufgaben<\/div>\n<div class=\"inhalt\">Die Zeit f\u00fcr die Hausaufgaben in den Klassen EP1, EP2 und EP3 sollte 30 Minuten, in den Klassen 3 und 4 eine Stunde nicht \u00fcberschreiten.<\/div>\n\n<div class=\"buchstabe\">I<\/div>\n<div class=\"titel\">I-Kr\u00e4fte<\/div>\n<div class=\"inhalt\">Einige Sch\u00fclerinnen und Sch\u00fcler ben\u00f6tigen Hilfe und Unterst\u00fctzung bei der sozialen Teilhabe. Die Eltern m\u00fcssen hierf\u00fcr bei der Clearingstelle Bochum einen Antrag stellen. Sprechen Sie in diesem Fall mit der Klassenleitung Ihres Kindes.<\/div>\n\n<div class=\"titel\">Inhalt des Tornisters<\/div>\n<div class=\"inhalt\">Bitte kaufen Sie die auf der Materialliste angegebenen Dinge zu Beginn des neuen Schuljahres. Beschriften Sie alles mit dem Namen Ihres Kindes. Achten Sie darauf, dass auch w\u00e4hrend des Schuljahres Mappen und Etui vollst\u00e4ndig vorhanden sind.<\/div>\n\n<div class=\"titel\">iPad<\/div>\n<div class=\"inhalt\">Ihr Kind kann ein iPad ausleihen. Dies geh\u00f6rt der Stadt Bochum. Das iPad muss aufgeladen in der Schultasche Ihres Kindes sein. Es darf nur im Unterricht genutzt werden.<\/div>\n\n<div class=\"titel\">IServ Schulplattform<\/div>\n<div class=\"inhalt\">Wichtige Informationen tauschen wir untereinander \u00fcber IServ aus. Sie erhalten von der Klassenleitung Ihres Kindes einen QR-Code f\u00fcr die Verwendung unserer digitalen Schulplattform.<\/div>\n\n<div class=\"buchstabe\">K<\/div>\n<div class=\"titel\">Krankheit<\/div>\n<div class=\"inhalt\">Bitte melden Sie Ihr Kind \u00fcber das Modul bei IServ krank.<\/div>\n\n<div class=\"buchstabe\">L<\/div>\n<div class=\"titel\">Lehrplan<\/div>\n<div class=\"inhalt\">Was Ihr Kind in jedem neuen Schuljahr lernen soll, stellt Ihnen die Klassenleitung auf der Klassenpflegschaftsversammlung zu Beginn des Schuljahres vor.<\/div>\n\n<div class=\"buchstabe\">M<\/div>\n<div class=\"titel\">Mitteilungen<\/div>\n<div class=\"inhalt\">Bitte teilen Sie Informationen \u00fcber Ihr Kind der Klassenleitung \u00fcber den Messenger bei IServ mit.<\/div>\n\n<div class=\"buchstabe\">N<\/div>\n<div class=\"titel\">Noten<\/div>\n<div class=\"inhalt\">In den Klassen EP1, EP2 und EP3 bekommen die Kinder am Ende des Schuljahres ein Kriterien gest\u00fctztes Zeugnis ohne Noten. Ab der 3. Klasse erhalten die Kinder auch nach Beendigung des 1. Halbjahres ein Zeugnis. Ab Klasse 3 gibt es f\u00fcr die Kinder, die im Bildungsgang Grundschule unterrichtet werden, zus\u00e4tzlich Noten. In der 4. Klasse gibt es im ersten Halbjahr f\u00fcr die Kinder im Bildungsgang Grundschule ein reines Notenzeugnis, sowie die begr\u00fcndete Empfehlung f\u00fcr die weiterf\u00fchrende Schule.<\/div>\n\n<div class=\"buchstabe\">O<\/div>\n<div class=\"titel\">OGS<\/div>\n<div class=\"inhalt\">\n    Teilnahme OGS (Anmeldung erforderlich) bis 16.00 Uhr.<br>\n    Telefon: 0234 77784906<br>\n    Leitung: Yvonne Leyendecker\n<\/div>\n\n<div class=\"buchstabe\">P<\/div>\n<div class=\"titel\">Pausen- und Stundenzeiten<\/div>\n<div class=\"inhalt\">\n    Ankommen auf dem Schulhof: 07.50 Uhr (BrotZeit)<br>\n    1. Stunde: 08.00 \u2013 08.45 Uhr<br>\n    2. Stunde: 08.45 \u2013 09.30 Uhr<br>\n    Fr\u00fchst\u00fcckspause: 09.30 \u2013 09.40 Uhr<br>\n    1. Hofpause: 09.40 \u2013 10.00 Uhr<br>\n    3. Stunde: 10.00 \u2013 10.45 Uhr<br>\n    4. Stunde: 10.45 \u2013 11.30 Uhr<br>\n    2. Hofpause: 11.30 \u2013 11.45 Uhr<br>\n    5. Stunde: 11.45 \u2013 12.30 Uhr<br>\n    6. Stunde: 12.30 \u2013 13.10 Uhr<br>\n    Teilnahme OGS (Anmeldung erforderlich) bis 16.00 Uhr\n<\/div>\n\n<div class=\"buchstabe\">S<\/div>\n<div class=\"titel\">Schuleingangsphase<\/div>\n<div class=\"inhalt\">Die Schuleingangsphase kann flexibel in einem, in zwei oder in drei Schuljahren durchlaufen werden. Wir haben in der Regel drei Klassen in der Schuleingangsphase: EP1, EP2 und EP3. Das dritte Jahr \u2013 bei uns EP3 \u2013 wird nicht auf die regul\u00e4re Schulpflicht angerechnet.<\/div>\n\n<div class=\"titel\">Schulweg<\/div>\n<div class=\"inhalt\">Sie als Eltern sind f\u00fcr den Schulweg Ihres Kindes verantwortlich. Eine Bef\u00f6rderung des Kindes ist unter bestimmten Umst\u00e4nden m\u00f6glich. Ein genehmigter Antrag ist hierf\u00fcr erforderlich: Schulverwaltungsamt Frau R\u00e4disch, braedisch@bochum.de, 0234 \/ 9102580. Sprechen Sie uns an. Wir unterst\u00fctzen Sie dabei.<\/div>\n\n<div class=\"titel\">Schwimmunterricht<\/div>\n<div class=\"inhalt\">Zum Schwimmunterricht laufen wir zum Schwimmbad oder wir fahren mit dem Bus. Ihr Kind ben\u00f6tigt eine Schwimmtasche mit Badehose oder Badeanzug, Badekappe aus Silikon, Badeschlappen, ein gro\u00dfes und ein kleines Handtuch, Duschgel, eine B\u00fcrste und eine M\u00fctze. Bitte \u00fcben Sie mit Ihrem Kind das Umziehen. Ihr Kind tr\u00e4gt an diesem Tag keinen Schmuck. Lange Haare sind zum Zopf gebunden.<\/div>\n\n<div class=\"titel\">Sport- und Spielfest<\/div>\n<div class=\"inhalt\">Jedes Jahr veranstalten wir ein Sport- und Spielfest.<\/div>\n\n<div class=\"titel\">Sportunterricht<\/div>\n<div class=\"inhalt\">Zum Sportunterricht nutzen die Kinder die Turnhalle in unserem Schulgeb\u00e4ude. Ihr Kind ben\u00f6tigt Sporthose und T-Shirt und Turnschuhe f\u00fcr die Halle. Bitte \u00fcben Sie mit Ihrem Kind das Umziehen. Ihr Kind tr\u00e4gt an diesem Tag keinen Schmuck und lange Haare sind zu einem Zopf gebunden.<\/div>\n\n<div class=\"buchstabe\">Z<\/div>\n<div class=\"titel\">Zeugnis<\/div>\n<div class=\"inhalt\">Die Sch\u00fclerinnen und Sch\u00fcler der Kl. 3 und 4 erhalten ihre Halbjahreszeugnisse am Freitag, 12.02.2027. An diesem Tag endet der Unterricht f\u00fcr alle Kinder um 10.45 Uhr. Die OGS betreut wie gewohnt.<br><br>\nAm Ende des Schuljahres erhalten alle Sch\u00fclerinnen und Sch\u00fcler ihr Schuljahreszeugnis in der Zeit von Montag, 12.07.2027 bis Freitag, 16.07.2027. Am 16.07.2027 endet der Unterricht f\u00fcr alle Kinder um 10.45 Uhr. Die OGS betreut wie gewohnt.<br><br>\nBitte unterschreiben Sie die Zeugniskopie und geben diese Ihrem Kind mit in die Schule. Danach erhalten Sie das Original.<\/div>\n","protected":false},"excerpt":{"rendered":"<p>A Anfang Die erste Stunde beginnt um 08.00 Uhr. Ihr Kind soll um 07.50 Uhr auf dem Schulhof sein. B Beurlaubung Ihr Kind kann nur aus wichtigen Gr\u00fcnden beurlaubt werden&#8230;.<\/p>\n","protected":false},"author":1,"featured_media":0,"parent":39,"menu_order":0,"comment_status":"closed","ping_status":"closed","template":"","meta":{"_kadence_starter_templates_imported_post":false,"_kad_post_transparent":"","_kad_post_title":"","_kad_post_layout":"","_kad_post_sidebar_id":"","_kad_post_content_style":"","_kad_post_vertical_padding":"","_kad_post_feature":"","_kad_post_feature_position":"","_kad_post_header":false,"_kad_post_footer":false,"_kad_post_classname":"","footnotes":""},"class_list":["post-115","page","type-page","status-publish","hentry"],"_links":{"self":[{"href":"https:\/\/bgs-bo.de\/index.php?rest_route=\/wp\/v2\/pages\/115","targetHints":{"allow":["GET"]}}],"collection":[{"href":"https:\/\/bgs-bo.de\/index.php?rest_route=\/wp\/v2\/pages"}],"about":[{"href":"https:\/\/bgs-bo.de\/index.php?rest_route=\/wp\/v2\/types\/page"}],"author":[{"embeddable":true,"href":"https:\/\/bgs-bo.de\/index.php?rest_route=\/wp\/v2\/users\/1"}],"replies":[{"embeddable":true,"href":"https:\/\/bgs-bo.de\/index.php?rest_route=%2Fwp%2Fv2%2Fcomments&post=115"}],"version-history":[{"count":2,"href":"https:\/\/bgs-bo.de\/index.php?rest_route=\/wp\/v2\/pages\/115\/revisions"}],"predecessor-version":[{"id":219,"href":"https:\/\/bgs-bo.de\/index.php?rest_route=\/wp\/v2\/pages\/115\/revisions\/219"}],"up":[{"embeddable":true,"href":"https:\/\/bgs-bo.de\/index.php?rest_route=\/wp\/v2\/pages\/39"}],"wp:attachment":[{"href":"https:\/\/bgs-bo.de\/index.php?rest_route=%2Fwp%2Fv2%2Fmedia&parent=115"}],"curies":[{"name":"wp","href":"https:\/\/api.w.org\/{rel}","templated":true}]}}

<style>
.buchstabe {
    color: #f4a574;
    font-size: 2em;
    font-weight: bold;
    margin-top: 30px;
    margin-bottom: 5px;
    border-bottom: 2px solid #f4a574;
    padding-bottom: 5px;
}
.titel {
    font-size: 1.2em;
    font-weight: bold;
    color: #1f2933;
    margin-bottom: 5px;
}
.inhalt {
    margin-bottom: 20px;
}
</style>

<div class="buchstabe">A</div>
<div class="titel">Anfang</div>
<div class="inhalt">Die erste Stunde beginnt um 08.00 Uhr. Ihr Kind soll um 07.50 Uhr auf dem Schulhof sein.</div>

<div class="buchstabe">B</div>
<div class="titel">Beurlaubung</div>
<div class="inhalt">Ihr Kind kann nur aus wichtigen Gründen beurlaubt werden. Die Beurlaubung beantragen Sie schriftlich bei der Schulleitung 1 Woche vorher. Unmittelbar vor oder im Anschluss an die Ferien darf ein Kind nur in dringenden Ausnahmefällen beurlaubt werden.</div>

<div class="titel">Bewegliche Ferientage</div>
<div class="inhalt">
    Montag, 08.02.2027 (Rosenmontag)<br>
    Freitag, 07.05.2027 (Tag nach Christi Himmelfahrt)<br>
    Freitag, 28.05.2027 (Tag nach Fronleichnam)
</div>

<div class="titel">Beschwerden</div>
<div class="inhalt">Bitte sprechen Sie mit uns. Rufen Sie uns an. Die Klassenleitung Ihres Kindes ist Ihre erste Ansprechperson. Wir kümmern uns um Ihr Anliegen.</div>

<div class="titel">BrotZeit</div>
<div class="inhalt">Jeden Morgen kann Ihr Kind am BrotZeit-Frühstück in der Zeit von 07.50 – 08.10 Uhr teilnehmen, wenn es möchte.</div>

<div class="buchstabe">D</div>
<div class="titel">Durchgangsschule</div>
<div class="inhalt">Unser Ziel ist es, dass Ihr Kind so kurz wie möglich unsere Schule besucht. Durch eine frühe und intensive sonderpädagogische Unterstützung kann dies erreicht werden.</div>

<div class="buchstabe">E</div>
<div class="titel">Elternsprechtag</div>
<div class="inhalt">Sie finden zweimal im Schuljahr nach den Herbst- und vor den Osterferien statt. Bitte buchen Sie Ihren Termin über das Modul Elternsprechtag bei IServ.</div>

<div class="titel">Entschuldigungen</div>
<div class="inhalt">Wenn Ihr Kind wegen eines wichtigen Arzttermins oder wegen Krankheit nicht am Unterricht teilnehmen kann, melden Sie es bitte über IServ ab.</div>

<div class="buchstabe">F</div>
<div class="titel">Förderort</div>
<div class="inhalt">Der Förderort ist im Regelfall die allgemeine Schule. Wenn Ihr Kind sonderpädagogischen Unterstützungsbedarf im Förderschwerpunkt Sprache hat, können Sie alternativ auch eine Förderschule als Förderort wählen. Sie haben als Eltern die Möglichkeit, einen Wechsel des Förderorts zu beantragen. Sprechen Sie in diesem Fall mit der Klassenleitung Ihres Kindes.</div>

<div class="titel">Förderplan</div>
<div class="inhalt">Zweimal im Schuljahr bespricht die Klassenleitung mit Ihrem Kind und mit Ihnen den Förderplan. Im Förderplan stehen die wichtigen nächsten Entwicklungsziele und -schritte für Ihr Kind.</div>

<div class="titel">Frühstück</div>
<div class="inhalt">Bitte geben Sie Ihrem Kind ein gesundes Frühstück mit in die Schule. Dazu gehören Obst, Gemüse und Vollkornbrot. Als Getränk empfehlen wir Wasser.</div>

<div class="buchstabe">G</div>
<div class="titel">Grundlagen der Zusammenarbeit</div>
<div class="inhalt">Regelmäßiger Kontakt, gegenseitiges Vertrauen und respektvoller Umgang sind für uns wichtig. Bei Krankheit und Krisen müssen Sie Ihr Kind von der Schule abholen. Sie können auch jemanden beauftragen, dies für Sie zu übernehmen, wenn Sie verhindert sind. Sagen Sie uns in diesem Fall Bescheid.</div>

<div class="buchstabe">H</div>
<div class="titel">Handyordnung</div>
<div class="inhalt">Wenn Sie Ihrem Kind ein Handy mitgeben, dann ist das Handy ausgestellt und muss in der Schultasche bleiben. Bitte verzichten Sie auf das Handy in der Hand, wenn Sie unser Schulgelände betreten.</div>

<div class="titel">Hausaufgaben</div>
<div class="inhalt">Die Zeit für die Hausaufgaben in den Klassen EP1, EP2 und EP3 sollte 30 Minuten, in den Klassen 3 und 4 eine Stunde nicht überschreiten.</div>

<div class="buchstabe">I</div>
<div class="titel">I-Kräfte</div>
<div class="inhalt">Einige Schülerinnen und Schüler benötigen Hilfe und Unterstützung bei der sozialen Teilhabe. Die Eltern müssen hierfür bei der Clearingstelle Bochum einen Antrag stellen. Sprechen Sie in diesem Fall mit der Klassenleitung Ihres Kindes.</div>

<div class="titel">Inhalt des Tornisters</div>
<div class="inhalt">Bitte kaufen Sie die auf der Materialliste angegebenen Dinge zu Beginn des neuen Schuljahres. Beschriften Sie alles mit dem Namen Ihres Kindes. Achten Sie darauf, dass auch während des Schuljahres Mappen und Etui vollständig vorhanden sind.</div>

<div class="titel">iPad</div>
<div class="inhalt">Ihr Kind kann ein iPad ausleihen. Dies gehört der Stadt Bochum. Das iPad muss aufgeladen in der Schultasche Ihres Kindes sein. Es darf nur im Unterricht genutzt werden.</div>

<div class="titel">IServ Schulplattform</div>
<div class="inhalt">Wichtige Informationen tauschen wir untereinander über IServ aus. Sie erhalten von der Klassenleitung Ihres Kindes einen QR-Code für die Verwendung unserer digitalen Schulplattform.</div>

<div class="buchstabe">K</div>
<div class="titel">Krankheit</div>
<div class="inhalt">Bitte melden Sie Ihr Kind über das Modul bei IServ krank.</div>

<div class="buchstabe">L</div>
<div class="titel">Lehrplan</div>
<div class="inhalt">Was Ihr Kind in jedem neuen Schuljahr lernen soll, stellt Ihnen die Klassenleitung auf der Klassenpflegschaftsversammlung zu Beginn des Schuljahres vor.</div>

<div class="buchstabe">M</div>
<div class="titel">Mitteilungen</div>
<div class="inhalt">Bitte teilen Sie Informationen über Ihr Kind der Klassenleitung über den Messenger bei IServ mit.</div>

<div class="buchstabe">N</div>
<div class="titel">Noten</div>
<div class="inhalt">In den Klassen EP1, EP2 und EP3 bekommen die Kinder am Ende des Schuljahres ein Kriterien gestütztes Zeugnis ohne Noten. Ab der 3. Klasse erhalten die Kinder auch nach Beendigung des 1. Halbjahres ein Zeugnis. Ab Klasse 3 gibt es für die Kinder, die im Bildungsgang Grundschule unterrichtet werden, zusätzlich Noten. In der 4. Klasse gibt es im ersten Halbjahr für die Kinder im Bildungsgang Grundschule ein reines Notenzeugnis, sowie die begründete Empfehlung für die weiterführende Schule.</div>

<div class="buchstabe">O</div>
<div class="titel">OGS</div>
<div class="inhalt">
    Teilnahme OGS (Anmeldung erforderlich) bis 16.00 Uhr.<br>
    Telefon: 0234 77784906<br>
    Leitung: Yvonne Leyendecker
</div>

<div class="buchstabe">P</div>
<div class="titel">Pausen- und Stundenzeiten</div>
<div class="inhalt">
    Ankommen auf dem Schulhof: 07.50 Uhr (BrotZeit)<br>
    1. Stunde: 08.00 – 08.45 Uhr<br>
    2. Stunde: 08.45 – 09.30 Uhr<br>
    Frühstückspause: 09.30 – 09.40 Uhr<br>
    1. Hofpause: 09.40 – 10.00 Uhr<br>
    3. Stunde: 10.00 – 10.45 Uhr<br>
    4. Stunde: 10.45 – 11.30 Uhr<br>
    2. Hofpause: 11.30 – 11.45 Uhr<br>
    5. Stunde: 11.45 – 12.30 Uhr<br>
    6. Stunde: 12.30 – 13.10 Uhr<br>
    Teilnahme OGS (Anmeldung erforderlich) bis 16.00 Uhr
</div>

<div class="buchstabe">S</div>
<div class="titel">Schuleingangsphase</div>
<div class="inhalt">Die Schuleingangsphase kann flexibel in einem, in zwei oder in drei Schuljahren durchlaufen werden. Wir haben in der Regel drei Klassen in der Schuleingangsphase: EP1, EP2 und EP3. Das dritte Jahr – bei uns EP3 – wird nicht auf die reguläre Schulpflicht angerechnet.</div>

<div class="titel">Schulweg</div>
<div class="inhalt">Sie als Eltern sind für den Schulweg Ihres Kindes verantwortlich. Eine Beförderung des Kindes ist unter bestimmten Umständen möglich. Ein genehmigter Antrag ist hierfür erforderlich: Schulverwaltungsamt Frau Rädisch, braedisch@bochum.de, 0234 / 9102580. Sprechen Sie uns an. Wir unterstützen Sie dabei.</div>

<div class="titel">Schwimmunterricht</div>
<div class="inhalt">Zum Schwimmunterricht laufen wir zum Schwimmbad oder wir fahren mit dem Bus. Ihr Kind benötigt eine Schwimmtasche mit Badehose oder Badeanzug, Badekappe aus Silikon, Badeschlappen, ein großes und ein kleines Handtuch, Duschgel, eine Bürste und eine Mütze. Bitte üben Sie mit Ihrem Kind das Umziehen. Ihr Kind trägt an diesem Tag keinen Schmuck. Lange Haare sind zum Zopf gebunden.</div>

<div class="titel">Sport- und Spielfest</div>
<div class="inhalt">Jedes Jahr veranstalten wir ein Sport- und Spielfest.</div>

<div class="titel">Sportunterricht</div>
<div class="inhalt">Zum Sportunterricht nutzen die Kinder die Turnhalle in unserem Schulgebäude. Ihr Kind benötigt Sporthose und T-Shirt und Turnschuhe für die Halle. Bitte üben Sie mit Ihrem Kind das Umziehen. Ihr Kind trägt an diesem Tag keinen Schmuck und lange Haare sind zu einem Zopf gebunden.</div>

<div class="buchstabe">Z</div>
<div class="titel">Zeugnis</div>
<div class="inhalt">Die Schülerinnen und Schüler der Kl. 3 und 4 erhalten ihre Halbjahreszeugnisse am Freitag, 12.02.2027. An diesem Tag endet der Unterricht für alle Kinder um 10.45 Uhr. Die OGS betreut wie gewohnt.<br><br>
Am Ende des Schuljahres erhalten alle Schülerinnen und Schüler ihr Schuljahreszeugnis in der Zeit von Montag, 12.07.2027 bis Freitag, 16.07.2027. Am 16.07.2027 endet der Unterricht für alle Kinder um 10.45 Uhr. Die OGS betreut wie gewohnt.<br><br>
Bitte unterschreiben Sie die Zeugniskopie und geben diese Ihrem Kind mit in die Schule. Danach erhalten Sie das Original.</div>

<p>A Anfang Die erste Stunde beginnt um 08.00 Uhr. Ihr Kind soll um 07.50 Uhr auf dem Schulhof sein. B Beurlaubung Ihr Kind kann nur aus wichtigen Gründen beurlaubt werden&#8230;.</p>
